is divided by 77?
8
What is the remainder when 482 is divided by 25?
7
What is the remainder when 6244 is divided by 6?
4
What is the remainder when 334 is divided by 84?
82
Calculate the remainder when 747 is divided by 22.
21
Calculate the remainder when 424 is divided by 139.
7
Calculate the remainder when 1041 is divided by 203.
26
What is the remainder when 61 is divided by 24?
13
Calculate the remainder when 136 is divided by 36.
28
What is the remainder when 94 is divided by 44?
6
Calculate the remainder when 290 is divided by 38.
24
What is the remainder when 5333 is divided by 107?
90
Calculate the remainder when 124 is divided by 58.
8
What is the remainder when 586 is divided by 47?
22
What is the remainder when 191 is divided by 112?
79
Calculate the remainder when 96 is divided by 34.
28
What is the remainder when 270 is divided by 50?
20
Calculate the remainder when 430 is divided by 31.
27
What is the remainder when 61 is divided by 11?
6
What is the remainder when 50 is divided by 7?
1
What is the remainder when 322 is divided by 173?
149
Calculate the remainder when 15 is divided by 4.
3
Calculate the remainder when 1934 is divided by 1921.
13
Calculate the remainder when 890 is divided by 12.
2
What is the remainder when 46 is divided by 44?
2
Calculate the remainder when 488 is divided by 98.
96
Calculate the remainder when 176 is divided by 48.
32
Calculate the remainder when 712 is divided by 150.
112
Calculate the remainder when 2040 is divided by 16.
8
Calculate the remainder when 150 is divided by 8.
6
Calculate the remainder when 1254 is divided by 157.
155
Calculate the remainder when 158 is divided by 59.
40
What is the remainder when 197 is divided by 67?
63
Calculate the remainder when 927 is divided by 8.
7
What is the remainder when 42 is divided by 2?
0
Calculate the remainder when 115 is divided by 29.
28
What is the remainder when 160 is divided by 49?
13
What is the remainder when 195 is divided by 102?
93
What is the remainder when 233 is divided by 85?
63
What is the remainder when 672 is divided by 232?
208
Calculate the remainder when 238 is divided by 223.
15
Calculate the remainder when 5361 is divided by 173.
171
What is the remainder when 60 is divided by 56?
4
What is the remainder when 67 is divided by 33?
1
Calculate the remainder when 17 is divided by 6.
5
Calculate the remainder when 427 is divided by 186.
55
Calculate the remainder when 29 is divided by 18.
11
What is the remainder when 3583 is divided by 163?
160
What is the remainder when 308 is divided by 154?
0
Calculate the remainder when 114 is divided by 58.
56
What is the remainder when 828 is divided by 259?
51
Calculate the remainder when 213 is divided by 52.
5
Calculate the remainder when 95 is divided by 10.
5
What is the remainder when 36 is divided by 24?
12
Calculate the remainder when 401 is divided by 26.
11
What is the remainder when 27 is divided by 4?
3
Calculate the remainder when 2237 is divided by 27.
23
What is the remainder when 42 is divided by 11?
9
What is the remainder when 70 is divided by 12?
10
Calculate the remainder when 289 is divided by 10.
9
Calculate the remainder when 75 is divided by 22.
9
What is the remainder when 2810 is divided by 74?
72
What is the remainder when 223 is divided by 62?
37
Calculate the remainder when 1019 is divided by 115.
99
Calculate the remainder when 199 is divided by 25.
24
Calculate the remainder when 197 is divided by 33.
32
Calculate the remainder when 329 is divided by 111.
107
Calculate the remainder when 111 is divided by 28.
27
What is the remainder when 95 is divided by 12?
11
Calculate the remainder when 1029 is divided by 10.
9
Calculate the remainder when 71 is divided by 11.
5
What is the remainder when 2069 is divided by 18?
17
Calculate the remainder when 425 is divided by 112.
89
Calculate the remainder when 4848 is divided by 211.
206
What is the remainder when 18 is divided by 4?
2
Calculate the remainder when 275 is divided by 22.
11
Calculate the remainder when 919 is divided by 18.
1
What is the remainder when 501 is divided by 159?
24
What is the remainder when 2614 is divided by 154?
150
What is the remainder when 21 is divided by 12?
9
Calculate the remainder when 1748 is divided by 53.
52
Calculate the remainder when 2464 is divided by 274.
272
Calculate the remainder when 75 is divided by 12.
3
What is the remainder when 219 is divided by 10?
9
What is the remainder when 424 is divided by 108?
100
Calculate the remainder when 79 is divided by 16.
15
What is the remainder when 178 is divided by 53?
19
Calculate the remainder when 267 is divided by 158.
109
Calculate the remainder when 137 is divided by 7.
4
Calculate the remainder when 205 is divided by 73.
59
Calculate the remainder when 9717 is divided by 243.
240
What is the remainder when 970 is divided by 54?
52
Calculate the remainder when 1971 is divided by 100.
71
Calculate the remainder when 93 is divided by 51.
42
Calculate the remainder when 527 is divided by 53.
50
What is the remainder when 95 is divided by 49?
46
Calculate the remainder when 652 is divided by 159.
16
Calculate the remainder when 76 is divided by 26.
24
What is the remainder when 357 is divided by 91?
84
Calculate the remainder when 223 is divided by 78.
67
Calculate the remainder when 232 is divided by 47.
44
What is the remainder when 984 is divided by 76?
72
Calculate the remainder when 328 is divided by 48.
40
Calculate the remainder when 314 is divided by 89.
47
What is the remainder when 646 is divided by 23?
2
Calculate the remainder when 329 is divided by 47.
0
Calculate the remainder when 782 is divided by 20.
2
Calculate the remainder when 140 is divided by 12.
8
Calculate the remainder when 302 is divided by 17.
13
Calculate the remainder when 263 is divided by 54.
47
What is the remainder when 89 is divided by 17?
4
Calculate the remainder when 1038 is divided by 1027.
11
What is the remainder when 169 is divided by 42?
1
Calculate the remainder when 6624 is divided by 78.
72
Calculate the remainder when 4365 is divided by 59.
58
Calculate the remainder when 68 is divided by 16.
4
Calculate the remainder when 47 is divided by 14.
5
Calculate the remainder when 3654 is divided by 141.
129
What is the remainder when 184 is divided by 21?
16
Calculate the remainder when 190 is divided by 46.
6
What is the remainder when 202 is divided by 10?
2
What is the remainder when 328 is divided by 326?
2
Calculate the remainder when 419 is divided by 34.
11
Calculate the remainder when 341 is divided by 29.
22
What is the remainder when 912 is divided by 3?
0
What is the remainder when 9 is divided by 6?
3
Calculate the remainder when 13365 is divided by 8.
5
Calculate the remainder when 432 is divided by 63.
54
What is the remainder when 37 is divided by 34?
3
Calculate the remainder when 307 is divided by 33.
10
What is the remainder when 270 is divided by 59?
34
Calculate the remainder when 1448 is divided by 11.
7
Calculate the remainder when 1120 is divided by 500.
120
Calculate the remainder when 392 is divided by 49.
0
What is the remainder when 74 is divided by 48?
26
What is the remainder when 6089 is divided by 23?
17
Calculate the remainder when 1892 is divided by 50.
42
What is the remainder when 4310 is divided by 196?
194
Calculate the remainder when 128 is divided by 74.
54
What is the remainder when 148 is divided by 49?
1
What is the remainder when 82 is divided by 12?
10
What is the remainder when 23 is divided by 7?
2
What is the remainder when 6957 is divided by 20?
17
Calculate the remainder when 435 is divided by 42.
15
Calculate the remainder when 74155 is divided by 14.
11
What is the remainder when 9377 is divided by 3122?
11
Calculate the remainder when 43 is divided by 11.
10
What is the remainder when 332 is divided by 206?
126
What is the remainder when 122 is divided by 29?
6
Calculate the remainder when 623 is divided by 25.
23
What is the remainder when 2301 is divided by 85?
6
What is the remainder when 742 is divided by 124?
122
What is the remainder when 121 is divided by 61?
60
What is the remainder when 31 is divided by 27?
4
Calculate the remainder when 262 is divided by 22.
20
Calcul